y)?
2
Let j be (2/(-5))/(2/(-40)). Let l be 24/9*42/j. Suppose 0 = q - 3*q + l. What are the prime factors of q?
7
Let r(f) = f**3 - 9*f**2 + 8*f + 2. Let u be r(8). Suppose -3*v + 0*b - 5*b + 120 = 0, 0 = v + u*b - 40. List the prime factors of v.
2, 5
Suppose -3*k = -2*c + 10, 18 = -5*c - 4*k - 3. List the prime factors of (2 - 3)*c - -16.
17
Let u(x) = 4*x - 12. Let m be u(9). Let y = m + -4. Suppose a = -3*a + y. List the prime factors of a.
5
Suppose -2*b - 4 = 4*i + 38, 2*i + 24 = -2*b. Let g(l) = -l**2 - 5*l. Let q be g(-6). Let f = q - i. What are the prime factors of f?
3
Let c(u) be the second derivative of 1/3*u**4 + 5/6*u**3 - u - 1/20*u**5 + 3/2*u**2 + 0. What are the prime factors of c(5)?
3
Let u = 18 + -13. Suppose -3*s = -u*s + 6. List the prime factors of s.
3
Suppose -2*y - d + 17 = 0, -4*y - 3*d + 0*d + 39 = 0. Suppose -3*q - 123 = -y*q. What are the prime factors of q?
41
Let q(b) = 7*b**3 - 5*b**2 + 7*b - 9. What are the prime factors of q(3)?
2, 3, 13
Let j = -122 - -194. Suppose 3*m - 3*d = -j, 0 = -3*m + 6*d - 2*d - 69. List the prime factors of (m/12)/((-2)/16).
2, 3
Let v be (-27)/(-5) - 2/5. Suppose 0 = t + 1 - v. List the prime factors of t.
2
Let y be (0 - -67) + 12 + -8. Let a = y - 45. What are the prime factors of a?
2, 13
Suppose 3*x = 3*i - 5 - 7, -2*i = x - 2. Suppose -i*g + g + 4 = 2*s, -5*g = -5*s - 65. Suppose -2*z = -44 + g. List the prime factors of z.
17
Let a = 205 - 141. What are the prime factors of a?
2
Let d = 17 - 10. Suppose i = -d + 22. What are the prime factors of i?
3, 5
Suppose 0 = -4*w + 5*g - 17, 4*w - g - 13 = -2*g. Suppose -16 = -3*v - 2*a, -23 = -w*v - 2*v - 3*a. Let h = 0 + v. List the prime factors of h.
2
Suppose -2*w + 2 - 10 = 0, 4*s = w - 12. What are the prime factors of (-292)/(-18) + s/18?
2
Let w(k) = 2 - k - 2 + 3*k - 2*k**2 + 2*k**3 + 2. List the prime factors of w(2).
2, 7
Let n(y) = y - 4. Let z be n(6). Suppose -4*f + 5 = q - 5*f, 4*q = -f + 15. List the prime factors of 2/q + 29/z.
3, 5
Let t = 57 - -55. List the prime factors of t.
2, 7
Let q be (-2)/1*(-2)/4. Suppose -7 = -5*j - 3*w, 0 = 2*j - 5*w + 4*w + 6. List the prime factors of (-1)/q - (j + -4).
2
Let w(r) = r - 8. Let g be w(7). Let b(u) = u. Let l(h) = 1. Let y(q) = g*b(q) + 3*l(q). What are the prime factors of y(-6)?
3
Suppose -5*c + 61 - 21 = 0. List the prime factors of c.
2
Let m(b) = 3*b**2 - 10*b + 25. What are the prime factors of m(10)?
3, 5
Suppose 3*t = -z - 5, t + 20 = -5*z + z. Let a = 10 + z. Suppose a*h - 80 = -0*h. List the prime factors of h.
2
Suppose w - 4*w + 21 = 0. Suppose s - w - 1 = 0. What are the prime factors of s?
2
List the prime factors of -46*(-4)/(-4)*-2.
2, 23
Let c(m) = -m**2 - 4*m - 1. Let r be c(-3). Suppose a - r*y + 3 = 0, 0 = -a - a - 5*y + 39. List the prime factors of a.
7
Suppose -2*s - 3*s - 150 = 0. Let n = 0 - s. What are the prime factors of n?
2, 3, 5
Let b be (-36)/27*(-3 - 0). Let p(n) = 5*n. List the prime factors of p(b).
2, 5
Suppose 0*u - 23 = -5*u - 4*h, 8 = 2*u + h. Suppose u*q - 4 = 47. What are the prime factors of q?
17
Let h(w) = -6*w - 1 + 1. List the prime factors of h(-3).
2, 3
Suppose -11 = 5*n - 41. List the prime factors of n.
2, 3
Let f(c) be the second derivative of c**4/12 + c**3/2 + 3*c**2 + c. Suppose m = y + 5, -3*y + 2*y - 4*m = 0. What are the prime factors of f(y)?
2, 5
Let a be (2 - -1)/(21/28). List the prime factors of a/(-10) + 588/20.
29
Suppose -f + 28 = 8. Suppose 7 = -3*q + 5*k, 2*q + 3 = 4*k - 1. List the prime factors of 75/f - 1/q.
2
Let p(j) = -22*j**3 - 2*j**2 - 2*j - 1. Let o be p(-1). Let u = -7 + o. List the prime factors of u.
2, 7
Let m = 41 - -18. List the prime factors of m.
59
Let r(j) be the third derivative of j**6/120 + j**5/30 + j**3/6 + j**2. Let z be r(-2). List the prime factors of (z + 14)*(-2)/(-6).
5
Suppose -u + 4 = -c, 6*u = -4*c + 2*u - 8. List the prime factors of 3/3*(c + 7).
2
Suppose 5*z - 2*z = 9. Suppose -2*f = z*f. Suppose 2*w - 46 = 5*v, 5*w + 0*v - 3*v - 77 = f. List the prime factors of w.
13
Let w(g) = 3*g**3 + 9*g**2 + g. Let o(d) = 2*d**3 + 8*d**2 + d - 1. Let m(s) = 4*o(s) - 3*w(s). Let x be m(4). Let i = -9 + x. What are the prime factors of i?
7
Let d(s) = -s**2 - 7*s + 4. Let u be d(-7). Let w be (u/(-5))/(4/(-10)). Suppose 22 = 4*i - w*i. What are the prime factors of i?
11
Suppose c + 6*u - 2*u = -35, 0 = -3*c - 3*u - 60. What are the prime factors of ((-2)/(-2))/((-3)/c)?
5
Let w(q) be the first derivative of -1 + 9/2*q**2 - 1/3*q**3 - 10*q. List the prime factors of w(7).
2
Suppose -1 = o - 5*z + 7, -5*z = -20. Suppose o = -c + 4*c. What are the prime factors of c?
2
Let g(v) = 9*v - 8. Let n be g(8). Suppose -r + n = 3*r. List the prime factors of r.
2
Let h(f) be the third derivative of 23*f**5/60 + f**3/6 - 2*f**2. List the prime factors of h(1).
2, 3
Let m be 30 - (1 - (1 - 3)). Let b(p) = p**2 + p. Let o be b(-2). Suppose -4*r + 4*g = r - m, -9 = -5*r - o*g. List the prime factors of r.
3
Let w(t) = 12*t**2 + 4*t + 2. Let z be w(-2). Let a be 241/(-11) + 1/(-11). Let r = a + z. List the prime factors of r.
2, 5
Let w(r) = -5*r - 3. Let c be w(4). Let s = -2 + 5. List the prime factors of c/(-3) + (-2)/s.
7
Suppose -2*f = 2*q - 8, 3*q + 2*q = -f + 32. Let o = q + -5. List the prime factors of (-25)/o*(-8)/10.
2, 5
Suppose 2444 = 4*a - 1060. What are the prime factors of 1/(-3) - a/(-36)?
2, 3
Let x = -4 - -2. List the prime factors of x/((-6)/57) + -2.
17
List the prime factors of -3 + (-3)/(-2)*2532/18.
2, 13
Let j be 0 - 1 - 203/(-7). Let v = j + -19. What are the prime factors of v?
3
Let o be 1/(((-4)/26)/2). Let j(d) = -d**2 - 14*d - 4. List the prime factors of j(o).
3
Let l(o) = -4*o + 1. Let h be l(-7). Let y = -18 + h. List the prime factors of y.
11
Let z(j) = j**2 + 0*j**2 - 7 - 8*j + 16*j. List the prime factors of z(-9).
2
Suppose 0*p - p + l = -77, p - 4*l = 71. What are the prime factors of p?
79
Suppose 2219 = 27*n - 6043. What are the prime factors of n?
2, 3, 17
Suppose -51 = 3*x - 201. List the prime factors of x.
2, 5
Let w(d) = -4*d + 6. Let m(u) = 5*u - 6. Let y be (3 - 1)/(-2)*-3. Let j(i) = y*m(i) + 4*w(i). What are the prime factors of j(-6)?
2, 3
Suppose s - 4*r = 3*s - 68, 3*r = 9. Let h = s - 18. List the prime factors of h.
2, 5
Let i be -3 - -3 - (-1 + 0). Let v be i*-2*(-5)/10. List the prime factors of (-11)/(-2)*2/v.
11
Let c(u) = -42*u - 3. Let t be c(-6). Suppose 0 = y + t + 15. List the prime factors of y/16*(-8)/6.
2, 11
Suppose 4*b - 3*w - 360 = 0, -3*w - 21 + 111 = b. List the prime factors of b.
2, 3, 5
Suppose 0*p = -p - 8. Let v = p - -18. List the prime factors of v.
2, 5
Let u = -3 - 6. Suppose 4*g + 168 = -4*g. Let q = u - g. List the prime factors of q.
2, 3
Suppose 117 + 141 = 6*i. List the prime factors of i.
43
What are the prime factors of 16/6*3*(-4 - -5)?
2
Let k = 31 + -6. What are the prime factors of k?
5
Let o(c) = -6*c - 21. What are the prime factors of o(-19)?
3, 31
Suppose -4*d + 3 = -1. Let x = 18 - d. Let b = -3 + x. List the prime factors of b.
2, 7
Let g(t) = 3*t + 1. Suppose 4*v = c + 47 - 11, -3*c = -4*v + 36. List the prime factors of g(v).
2, 7
Let f be (1/(-2))/(1/12). Let v be 4/f - (-12)/18. Suppose 4*l - 9 - 35 = v. What are the prime factors of l?
11
Let z(c) = c**3 - c**2 + 1. Let o be z(2). Suppose -j - 72 = -o*j. What are the prime factors of j?
2, 3
Suppose 2*q - q = -2*h + 55, -2*h = 3*q - 65. Suppose -h = -o - 8. List the prime factors of o.
17
Let z(m) be the second derivative of m**5/20 - 7*m**4/12 + m**3/2 + 4*m**2 + 6*m. List the prime factors of z(7).
29
Let i = 2 + 2. Suppose -i*h + 0*m + 9 = m, 3*h = 4*m - 17. Suppose 4*l + h = 9. What are the prime factors of l?
2
Let m = 4 + 6. Let j(u) = -4*u + 4. Let i(r) = 3*r - 4. Let b(n) = 6*i(n) + 4*j(n). List the prime factors of b(m).
2, 3
Let r = -342 - -197. What are the prime factors of (r/25)/(2/(-10))?
29
Let j be (-42)/(-4) + 1/2. Suppose -j = -x - 0*x. What are the prime factors of x?
11
Suppose 3*a - 14 + 2 = 0. What are the prime factors of a?
2
Let u = 9 - 5. Suppose 4 + u = 4*r. List the prime factors of r.
2
Suppose -4*g = -10 - 2. Suppose -5*t = -4*p - 120, g*t - 45 = 3*p + 27. Suppose -4*d = y - 27, -d + t = d + 4*y. List the prime